 + 8*c + 9. What is v(s)?
-6
Let s(b) = 4*b**2 + b + 1. Let g(m) = 2*m**3 + 17*m**2 + 7*m - 2. Let v be g(-8). Suppose -20*c = -14*c + v. Give s(c).
4
Let z be 6 - (-6 + 5 + 1). Let a(m) = -m**3 + 5*m**2 - 4*m + 5. What is a(z)?
-55
Let r(u) be the second derivative of 1/6*u**3 + 0 - 5*u + 1/2*u**2. Give r(-6).
-5
Let y be (-24)/(-6) + (4 - 3)*-3. Let r(n) = 6*n**3 + n**2 - 2*n + 2. Calculate r(y).
7
Let m = -12 - -25. Let o = -14 + m. Let h(n) = 5*n**2 - n. Give h(o).
6
Let b(f) = -f**2 + 6*f + 2. Suppose -v + 21 = l, 0*v - v + 9 = -5*l. Let g = -14 + v. Suppose 4*p = 4*k - 20, -2*k = k - g*p - 15. What is b(k)?
7
Let t(k) = 2*k + 2. Suppose 5*n - 2*x - 20 = 0, -2*n = -5*x + 24 - 11. Suppose 0 = -r - 1 + 3. Suppose -s - 2 = b, b - 4*b + r*s - n = 0. Determine t(b).
-2
Let p = 3 - 1. Let w(h) be the third derivative of 1/3*h**3 - 1/12*h**4 + 1/60*h**5 + 0 + 23*h**2 + 0*h. Give w(p).
2
Let r(m) = -m**2 + 7*m. Let j be ((-4)/6)/(1/30*-4). Suppose 3*o - 4*n = j + 9, n = 1. Give r(o).
6
Let i(h) = h**2 - 5*h - 9. Let z(b) = 2*b**2 - 9*b - 19. Let r(l) = -5*i(l) + 3*z(l). Let t be r(5). Let o(f) = -f + 2*f**3 - 7 + f**t - 4*f**3. Determine o(0).
-7
Suppose 5*u + 1 = -3*l, -u - 2*l = -6*l - 9. Let j(f) = 6*f**2 - f. Let i be j(u). Let c(h) = 0 - 1 + 6*h - i + 5. Calculate c(-1).
-7
Let b(j) = j**2 + j. Suppose 3*g + 2*w + 8 = 4*g, 3*g - 5*w = 20. Suppose -7*z + 15*z + 8 = g. Determine b(z).
0
Let n(z) = 7*z**3 - 7*z**2 - 5*z - 9. Let k(s) = 19*s**3 - 19*s**2 - 14*s - 26. Let t(g) = -4*k(g) + 11*n(g). Calculate t(0).
5
Let n(p) = -2*p**3 - p**2 + 3. Let t be n(0). Let m(b) = -b. Calculate m(t).
-3
Let d(h) be the first derivative of h**4/4 + 4*h**3/3 + 3*h**2/2 + 3*h + 45. Determine d(-3).
3
Let f(t) = 0*t + 4*t + 3 + 2*t. Let p be 2 - 0*(-1)/3. Suppose -3*i - p = -2*i. Determine f(i).
-9
Let b(n) = n**3 - 3*n + 1. Let a = 286 - 289. Determine b(a).
-17
Let o(r) = -r - 8 - 4*r + 5*r - 7*r + 3*r. Suppose s = -4*n - 26, -2*s + 13 = -5*n - 0. Determine o(s).
16
Let b(t) = -t**3 - 10*t**2 + 5*t - 11. Let o(c) = -2*c**3 - 11*c**2 + 4*c - 12. Let q(s) = 3*b(s) - 2*o(s). What is q(7)?
-9
Let m(y) = 5*y + 44. Let v be m(-9). Let a(j) = 7*j**3 + j**2 + j + 1. What is a(v)?
-6
Let j(w) be the first derivative of w**4/4 - 3*w**3 + 3*w**2 - 2*w + 192. Calculate j(8).
-18
Let j(z) = -36*z + 53. Let t(u) = -22*u + 35. Let k(o) = -5*j(o) + 8*t(o). Determine k(-6).
-9
Let z(l) be the second derivative of -l**4/2 - l**3/3 - 47*l + 4. Give z(-1).
-4
Let g(s) be the second derivative of -s**5/20 + 11*s**4/12 - 8*s**3/3 - 11*s**2 - 7*s + 7. Give g(9).
-4
Suppose -2*x = -2*m + 12, 2*m = 3*m - 1. Let j(n) be the second derivative of 4*n + 5/2*n**2 - 1/6*n**3 + 0. Determine j(x).
10
Suppose -7 = -2*a - 3. Let u(o) = 18*o - o**a + 24*o + o**3 - 43*o + 7 - 29. What is u(0)?
-22
Suppose 4*r + o - 43 = 0, 8 = -4*o - 12. Let l be 2 - 3 - r/3. Let s(p) = 20*p**2 + p**3 - 6*p - 9*p**2 - 1 - 7*p**2. Give s(l).
4
Let z(o) = 59*o + 8. Let a(y) = -78*y - 10. Let n(k) = 3*a(k) + 4*z(k). Let r be (5/2 + 0)*-2. What is n(r)?
-8
Let i(p) = -3*p - 1. Let g be i(-3). Let y(c) = -g + 2 + 0*c**2 + c**3 - 3*c + 5*c**2 - 1. Determine y(-5).
8
Let h(x) be the second derivative of x**5/20 + x**4/12 - x**3/2 - x**2/2 + 47*x. Give h(-2).
1
Suppose 0 = 2*b + 5*q - 10, 20*q = -5*b + 21*q + 52. Let r(j) = -3*j + 31. Give r(b).
1
Let c(v) = v**2 - 4*v. Let f(j) = -j**2 + 6*j. Let r(p) = 3*c(p) + 2*f(p). Suppose 5 = w + 3. Determine r(w).
4
Let n(f) = -f + 8. Suppose 0 = 11*w - 81 - 51. Suppose 4*u + w = -2*o, -u + 6 = -o + u. Determine n(o).
14
Suppose u + 2*r = 6, -2*u + 2*r = u - 26. Let o be u - 5 - (2 + 9). Let y(j) = j**2 + 10*j + 9. Calculate y(o).
-7
Let k(n) = n**2 - 5*n - 3. Let m(q) = -2*q - 15. Let h be m(-9). Let z(p) = p**2 - 5. Let d be z(h). Give k(d).
-7
Let u(k) = k**3 + 3*k**2 - k - 4. Suppose -3*c + 2*j - 250 = 6*j, -2*j - 412 = 5*c. Let o = 79 + c. Give u(o).
-1
Suppose 1 = 2*s - j - 9, 4*j + 8 = 0. Let x = 54 - 41. Let g(q) = -5 + x*q + 6*q - 18*q. What is g(s)?
-1
Let q(r) be the second derivative of r**7/840 - r**6/90 + r**5/120 + r**4/12 - 37*r**3/6 - 2*r. Let g(z) be the second derivative of q(z). Give g(2).
-4
Let l = 29 - 23. Let c(a) = -a**3 - 4 + 2 + 2*a - 3*a**2 + 5*a - l*a. Give c(-3).
-5
Let p(u) = -9*u - 13. Let i(y) = 11*y + 10. Let l(j) = -2*j + 1. Let f(w) = i(w) + 2*l(w). Let m(n) = -6*f(n) - 5*p(n). What is m(5)?
8
Suppose -4*m - 4*q = -28, 0 = 21*m - 19*m + 5*q - 29. Let c(j) be the first derivative of -1 + 1/4*j**4 - 2*j**m + 5*j + 4/3*j**3. Calculate c(-5).
0
Let l = 12 - 10. Suppose -m = f + 2 - 0, -5*m + l*f + 4 = 0. Let c(i) = 1 - 6*i - 2*i**2 + m*i**2 + 6*i. Determine c(1).
-1
Suppose 0 = -10*x + 9*x + 5. Let a be (-6)/x*5/(-2). Suppose 2*l - y = 1, l + a*l - y = 7. Let b(v) = -v**2 + 3*v - 2. What is b(l)?
-2
Let z(s) = s**3 - s**2 - s - 1. Let w(d) = -d + 2. Let n be -8*2/(-1 + -3). Let x be ((-4)/7)/(n/(-28)). Let l be w(x). Give z(l).
-11
Let r(i) = -i + 11. Let f be (3 + (-60)/8)*(-8)/18. Suppose -7*c + f*c = 20, -32 = -4*n - 3*c. Give r(n).
0
Let s(x) = -x**3 - x. Let g(p) = 7*p**3 + 3*p**2 + 4*p. Let n(y) = -g(y) - 6*s(y). Let h(l) = -2*l - 1 + 3*l + 0*l. Let k be h(-3). Determine n(k).
8
Suppose 4*b - 1 = -2*o - 3, -5*o + 2*b - 29 = 0. Let m(v) = -v**2 + 5*v + 4. Let p(x) = 2*x**2 - 9*x - 8. Let k(d) = o*m(d) - 3*p(d). Give k(6).
-20
Let f(y) be the second derivative of -y**4/4 - y**3 - 2*y - 26. Give f(-4).
-24
Suppose -3*y = 16 + 2. Let d(m) be the first derivative of -m**2/2 + 3*m - 3. Give d(y).
9
Let d(m) = 2*m + 11. Let a be d(-5). Let p(k) = k**2 - 5*k. Let u(j) = j**2 - j + 1. Let n(w) = a*p(w) - 2*u(w). Give n(3).
-20
Let r(x) = 5*x - 3 - 2*x - x - 3*x. Let k be 5/(3/(-45)*-3). Let f = 32 - k. Give r(f).
-10
Let a(i) = i - 1. Let k be (-1)/2*(-1)/((-3)/(-24)). Suppose 5*z = 2*z + k*x + 14, 3 = z - x. What is a(z)?
-3
Let x(j) be the first derivative of -j**5/10 + j**4/12 - j**3/3 + j**2 - 20. Let y(w) be the second derivative of x(w). Calculate y(2).
-22
Let m(r) be the first derivative of -r**2/2 + 5*r + 3. Let d(h) = 2*h - 6. Let t(b) = -4*d(b) - 5*m(b). Suppose 5*f + 12 = f. Give t(f).
8
Suppose 0 = z + 10*z + 2*z. Suppose 0 = -u + 4*w - 3*w + 4, 4*u + 4*w - 16 = z. Let k(f) = -f + 5. Calculate k(u).
1
Let f(x) be the third derivative of -x**9/7560 - x**7/5040 + 7*x**5/60 - 11*x**2. Let u(y) be the third derivative of f(y). What is u(-1)?
9
Suppose 16*t + 18*t = -306. Let s(p) = p**2 + 14*p + 11. Give s(t).
-34
Let u = -53 + 76. Let j = 7 + u. Suppose 0*a = -5*a + j. Let d(k) = k - 3. Give d(a).
3
Let r(p) be the first derivative of 8 - 2*p**3 + 1/4*p**4 + 2*p**2 + 2*p. Suppose -b = 2*w - 8, -2*b + 2*w + 18 = 7*w. Determine r(b).
-14
Let i(w) be the first derivative of -w**4/4 + 4*w**3 + w**2/2 - 9*w - 2. Let y be 24/(-48) + (-25)/(-2). Let j be i(y). Let b(f) = -2*f - 2. Calculate b(j).
-8
Let y(v) = -v**3 - 3*v**2 - 3*v. Let a(c) = c**2 + 8*c + 3. Let p be a(-10). Let r = -26 + p. Determine y(r).
9
Let k be 5 + (-14 - (-2 - 5)). Let q(z) be the first derivative of z**3/3 + 3*z**2/2 + 2*z - 2. Determine q(k).
0
Let d(r) be the first derivative of -r**3/3 + 5*r**2/2 - r - 3. Let u be d(5). Let s(j) = 2 - 5 - 11*j + 6 - 2. Determine s(u).
12
Let v(q) be the second derivative of q**5/20 + 5*q**4/12 + q**3/3 + 5*q**2/2 + 13*q. Let p be 18/(-4)*(-12)/18. Suppose -20 = 7*t - p*t. What is v(t)?
-5
Let m(a) = -160*a**3 - 168*a**3 - 167*a**3 + 496*a**3. Let o be 4/(-6)*(-6)/2. What is m(o)?
8
Let x = 485 - 5819/12. Let h(t) be the third derivative of 0*t - 6*t**2 + 0 - 5/6*t**3 + 1/60*t**5 - x*t**4. What is h(5)?
10
Let l(n) = n**3 + n**2 - 2*n + 4. Let r(h) = -6*h**3 - 3*h**2 + 9*h - 21. Let y(d) = 11*l(d) + 2*r(d). Give y(3).
8
Let v be (-120)/(-28) + 6/(-21). Let y(z) = -2*z**2 - 2*z - 2*z**2 + z**3 + 5 - v*z. Let f be (-3 - -2)*(1 + -6). Calculate y(f).
0
Suppose h + 3 = 2*h. Let g(r) be the first derivative of 1/3*r**3 + 1/2*r**2 - 4*r + 44. What is g(h)?
8
Suppose 4 = 6*q - 2*q. Suppose -4*z = q - 5. Let l(u) = -6*u**2 + 2*u**2 - 2*u + u. Give l(z).
-5
Let l(r) = -2*r + 38. Suppose f - 15 = -2*g, 0 = g - 29 + 30. Calculate l(f).
4
Let m(k) be the second derivative of k**7/420 + k**6/360 - k**5/60 - k**4/24 + 7*k**3/6 + 2*k. Let f(v) b